{"id":635,"date":"2021-03-14T14:23:39","date_gmt":"2021-03-14T13:23:39","guid":{"rendered":"https:\/\/www.tipsi.at\/?page_id=635"},"modified":"2023-11-07T15:48:19","modified_gmt":"2023-11-07T14:48:19","slug":"datenschutzerklaerung","status":"publish","type":"page","link":"https:\/\/www.tipsi.at\/?page_id=635","title":{"rendered":"Datenschutzerkl\u00e4rung"},"content":{"rendered":"\n<p><br>Wenn Sie unsere Webseite besuchen oder nutzen, nehmen wir den Schutz Ihrer<br>personenbezogenen Daten sehr ernst. Wir verarbeiten Ihre Daten nur auf Grundlage<br>gesetzlicher Bestimmungen (insbesondere der Datenschutz-Grundverordnung, dem<br>\u00f6sterreichischen Datenschutzgesetz und dem Telekommunikationsgesetz) und m\u00f6chten Sie<br>im Folgenden \u00fcber wichtige Aspekte unserer Datenverarbeitung informieren. Wir, das ist der<br>Tiroler Interessenverband f\u00fcr psychosoziale Inklusion, mit Sitz in Innsbruck, als Betreiber<br>dieser Webseite.<\/p>\n\n\n\n<p>Unsere Webseite<br>Damit wir unsere Webseite benutzerfreundlich gestalten k\u00f6nnen, verwenden wir Cookies<br>und externe Einbindungen, die von Drittanbieter<em>innen stammen k\u00f6nnen. Eine genaue Auflistung der von uns eingesetzten Cookies und Einbindungen entnehmen Sie bitte unten unter den Punkten \u201eUnsere Cookies\u201c und \u201eUnsere externen Einbindungen\u201c. Stammen Cookies und externer Einbindungen von US-amerikanischen Dienstleister<\/em>innen<br>(z.B. Google), k\u00f6nnen Informationen von Ihnen (z .B. IP-Adresse, Nutzungsverhalten,<br>technische Daten) in die USA als Drittland \u00fcbermittelt werden. Da kein angemessenes<br>Datenschutzniveau in den USA vorhanden ist, holen wir uns daf\u00fcr eine ausdr\u00fcckliche<br>Einwilligung von Ihnen ein. Bitte beachten Sie, dass bei Drittland\u00fcbermittlungen ohne<br>Angemessenheitsbeschluss der Europ\u00e4ischen Kommission oder Vorliegen geeigneter<br>Garantien kein angemessenes Datenschutzniveau vorhanden ist und f\u00fcr Sie somit Risiken<br>bestehen k\u00f6nnen. Unter anderem k\u00f6nnen US-Beh\u00f6rden auf Ihre Daten zugreifen, ohne dass<br>dagegen ein wirksamer Rechtsschutz besteht.<br>Abgesehen von Daten\u00fcbermittlungen, welche im Zuge des Einsatzes von Cookies und\/oder<br>\u00e4hnlicher Technologien erfolgen, findet eine \u00dcbermittlung der von Ihnen erhobenen<br>personenbezogenen Daten insbesondere dann statt, wenn wir f\u00fcr das Hosting der Webseite<br>externe Dienstleister<em>innen beiziehen. Mit solchen externen Dienstleister<\/em>innen haben wir<br>einen Vertrag \u00fcber die Auftragsverarbeitung gem\u00e4\u00df Artikel 28 Datenschutz-<br>Grundverordnung abgeschlossen. In diesem Vertrag verpflichten wir externe<br>Dienstleister*innen zur Geheimhaltung Ihrer personenbezogenen Daten und zur Ergreifung<br>geeigneter Datensicherheitsma\u00dfnahmen.<\/p>\n\n\n\n<p>Unsere Cookies<br>\u201eCookies\u201c sind kleine Textdateien, die mit Hilfe des Browsers auf Ihrem Endger\u00e4t gespeichert<br>werden. Sie erm\u00f6glichen uns unter anderem, Ihren Browser beim n\u00e4chsten Besuch<br>wiederzuerkennen, statistische Auswertungen vorzunehmen und unsere Webseite<\/p>\n\n\n\n<p>benutzerfreundlich gestalten zu k\u00f6nnen. Dabei k\u00f6nnen auch Informationen (z. B. IP-Adresse,<br>Nutzungsverhalten, technische Daten) von Ihnen erhoben und teilweise auch an<br>Drittanbieter*innen \u00fcbermittelt werden. Viele Browser sind so eingestellt, dass sie Cookies<br>automatisch akzeptieren. Sie k\u00f6nnen das Speichern von Cookies aber auch deaktivieren oder<br>Ihren Browser so einrichten, dass er Sie benachrichtigt, sobald Cookies gespeichert werden<br>sollen. Im Fall der Benachrichtigung k\u00f6nnen Sie unsere Cookies ablehnen. Entsprechende<br>Datenschutzeinstellungen k\u00f6nnen Sie in Ihrem Browser vornehmen. Bitte beachten Sie, dass<br>die Funktionalit\u00e4t unserer Webseite eingeschr\u00e4nkt sein kann, wenn Sie unsere Cookies<br>ablehnen oder deaktivieren.<br>Mit dem Aufrufen unserer Webseite werden grunds\u00e4tzlich keine Cookies gesetzt. Jedoch<br>haben wir ein Video von PULS 4 auf unserer Webseite eingebunden (siehe auch unter den<br>Punkt \u201eUnsere externen Einbindungen\u201c), durch das technisch nicht notwendige Cookies<br>gesetzt werden, sobald Sie dies mit Ihrer Einwilligung akzeptieren und das Video abspielen<br>(Artikel 6 Absatz 1 litera a Datenschutz-Grundverordnung). N\u00e4here Informationen zu diesen<br>Cookies finden Sie in der Datenschutzerkl\u00e4rung von PULS 4.<\/p>\n\n\n\n<p>Widerrufsrecht<br>Ihre erteilte Einwilligung f\u00fcr die Verwendung von Cookies k\u00f6nnen Sie jederzeit durch<br>L\u00f6schung im entsprechenden Ordner oder \u00fcber die L\u00f6schfunktion Ihres Browsers<br>widerrufen.<\/p>\n\n\n\n<p>Folgende Cookies werden von PULS 4 gesetzt:<br>Name Zweck und<br>Datenkategorien<\/p>\n\n\n\n<p>Speicherdauer Anbieter Zugriff<br>Dritter<\/p>\n\n\n\n<p>google<br>analytics<br>_ga, _gid,<br>_gat<\/p>\n\n\n\n<p>Diese Cookies<br>sammeln zu<br>Analysezwecken<br>anonymisierte<br>Informationen \u00fcber<br>Nutzer*innen und<br>wie sie mit der<br>Webseite<br>interagieren.<\/p>\n\n\n\n<p>_ga (Laufzeit: 2<br>Jahre)<br>_gid (Laufzeit: 24<br>Stunden)<br>_gat (Laufzeit: 1<br>Minute)<\/p>\n\n\n\n<p>Google LLC, 1600<br>Amphitheatre<br>Parkway, Mountain<br>View, CA 94043,<br>USA oder Google<br>Ireland Limited,<br>Gordon House,<br>Barrow Street,<br>Dublin 4, Irland,<br>wenn Sie in der EU<br>ans\u00e4ssig sind.<\/p>\n\n\n\n<p>An PULS<br>4 und<br>den<br>Anbieter<\/p>\n\n\n\n<p><em>_coral<\/em> &#8211; Sitzungsende ProSiebenSat.1 PULS An den<\/p>\n\n\n\n<p>uid 4 GmbH, Maria<br>Jacobi Gasse 1, 1030<br>Wien<\/p>\n\n\n\n<p>Anbieter<\/p>\n\n\n\n<p>accept-<br>cookies<\/p>\n\n\n\n<p>Speichert den<br>Zustimmungsstatus<\/p>\n\n\n\n<p>1 Jahr ProSiebenSat.1 PULS<br>4 GmbH, Maria<br>Jacobi Gasse 1, 1030<br>Wien<\/p>\n\n\n\n<p>An den<br>Anbieter<\/p>\n\n\n\n<p>Eingesetzte Dienste:<br>Google Analytics: PULS 4 setzt den Webanalysedienst \u201eGoogle Analytics\u201c der Google Inc.<br>(Google) ein. N\u00e4here Informationen zur Datenverarbeitung im Rahmen von Google Analytics<br>finden Sie hier.<br>Sie k\u00f6nnen die Speicherung der Cookies durch eine entsprechende Einstellung Ihrer<br>Browser-Software verhindern. Sie k\u00f6nnen dar\u00fcber hinaus die Erfassung der durch das Cookie<br>erzeugten und auf Ihre Nutzung der Webseite bezogenen Daten (inkl. Ihrer IP-Adresse) an<br>Google sowie die Verarbeitung dieser Daten durch Google verhindern, indem sie das unter<br>dem folgenden Link verf\u00fcgbare Browser-Plug-in herunterladen und installieren.<\/p>\n\n\n\n<p>Unsere externen Einbindungen<br>Externe Einbindungen sind kleine Programme, mit denen wir zus\u00e4tzliche Funktionen f\u00fcr<br>unsere Webseite anbieten. Dabei handelt es sich insbesondere um unser eingebundenes<br>Video von PULS 4. Beim Einsatz von Einbindungen k\u00f6nnen von Ihnen bestimmte<br>Informationen (z. B. IP-Adresse) erhoben und an Drittanbieter \u00fcbermittelt werden. Wenn wir<br>keine andere Rechtsgrundlage anf\u00fchren, st\u00fctzen wir uns bei der Datenverarbetiung<br>grunds\u00e4tzlich auf Ihre Einwilligung. Eine erteilte Einwilligung f\u00fcr die Nutzung unserer<br>Einbindungen k\u00f6nnen Sie jederzeit durch Verlassen unserer Webseite widerrufen.<\/p>\n\n\n\n<p>Folgende externe Einbindungen werden von uns verwendet<br>Video von PULS 4: Damit wir Ihnen Videos in Bezug auf unsere Vereinsarbeit zeigen k\u00f6nnen,<br>haben wir ein Video von PULS 4 auf unserer Webseite eingebunden. Im Zuge der Nutzung<br>unsere Webseite werden technische Daten (IP-Adresse) an PULS 4 \u00fcbermittelt, damit das<br>Video angezeigt und genutzt werden kann. Au\u00dferdem werden von dieser Einbindung<br>Cookies gesetzt, wenn Sie es abspielen. N\u00e4here Informationen finden Sie oben unter den<br>Punkt \u201eUnsere Cookies\u201c und in der Datenschutzerkl\u00e4rung von PULS 4.<\/p>\n\n\n\n<p>Ihre Kontaktaufnahme<br>Wenn Sie uns \u00fcber unser Kontaktformulare oder unsere sonstigen Kontaktdaten (z.B.<br>Adresse, E-Mail-Adresse, Telefonnummer) kontaktieren, werden wir die von Ihnen bekannt<br>gegebenen personenbezogen Daten ausschlie\u00dflich zum Zweck der Bearbeitung und<br>Beantwortung Ihrer Anfrage verwenden. Dabei st\u00fctzen wir uns auf unsere berechtigten<br>Interessen (Artikel 6 Absatz 1 litera f Datenschutz-Grundverordnung). Sollten Sie im Rahmen<br>Ihrer Kontaktaufnahme bereits konkrete Anfragen zu unseren Leistungen an uns richten<br>oder diesbez\u00fcgliche Beratung von uns w\u00fcnschen, st\u00fctzen wir uns dar\u00fcber hinaus auf die<br>Erf\u00fcllung vorvertraglicher Pflichten (Artikel 6 Absatz 1 litera b Datenschutz-<br>Grundverordnung). Ohne Verarbeitung Ihrer personenbezogenen Daten w\u00e4re uns eine<br>Beantwortung Ihrer Anfrage nicht m\u00f6glich.<br>Die von Ihnen bekannt gegebenen personenbezogen Daten werden nicht an dritte Personen<br>weitergegeben oder diesen gegen\u00fcber offengelegt. Ausnahmen davon bestehen nur dann,<br>wenn wir aufgrund von gesetzlichen Bestimmungen zur \u00dcbermittlung oder Offenlegung<br>verpflichtet sind oder Sie uns im Vorfeld Ihre Einwilligung daf\u00fcr erkl\u00e4rt haben.<br>Im Fall einer missbr\u00e4uchlichen Verwendung unserer Webseite behalten wir uns vor, bekannt<br>gegebene personenbezogene Daten an zust\u00e4ndige Beh\u00f6rden weiterzuleiten.<\/p>\n\n\n\n<p>Unsere Facebook-Seite<br>Wenn Sie unsere Facebook-Seite besuchen, werden personenbezogene Daten<br>(Nutzungsverhaltens) mittels Cookies von Facebook verarbeitet. Aus diesen Informationen<br>werden anonymisierte, statistische Daten \u00fcber die Seitenaktivit\u00e4t erstellt und uns<br>automatisch bereitgestellt (sog. Insights). Wir sind gem\u00e4\u00df Artikel 26 Datenschutz-<br>Grundverordnung gemeinsam mit Facebook f\u00fcr diese Datenverarbeitung verantwortlich.<br>Dabei st\u00fctzen wir uns auf unsere berechtigten Interessen. Ohne die Verarbeitung dieser<br>Daten w\u00e4re uns die Pr\u00e4senz und Optimierung unseres Angebotes auf Facebook nicht<br>m\u00f6glich.<br>Wir haben mit Facebook eine Vereinbarung \u00fcber die gemeinsame Verantwortlichkeit gem\u00e4\u00df<br>Artikel 26 Datenschutz-Grundverordnung abgeschlossen (Zusatz f\u00fcr Verantwortliche).<br>Weitere Informationen finden Sie in den Datenschutzrichtlinien von Facebook.<\/p>\n\n\n\n<p>Unsere Datenspeicherung<br>Von Ihnen bekannt gegebene personenbezogene Daten werden von uns nur so lange<br>gespeichert, wie dies f\u00fcr die oben erw\u00e4hnten Zwecke &#8211; f\u00fcr die wir die Daten verarbeiten &#8211;<br>jeweils erforderlich ist.<\/p>\n\n\n\n<p>Aufgrund von gesetzlichen Dokumentations- und Aufbewahrungspflichten kann sich eine<br>l\u00e4ngere Speicherdauer ergeben. Nach Ablauf entsprechender Fristen werden Ihre<br>personenbezogenen Daten gel\u00f6scht, sofern nach der Datenschutz-Grundverordnung keine<br>andere Rechtsgrundlage f\u00fcr eine l\u00e4nger andauernde Speicherung mehr besteht.<\/p>\n\n\n\n<p>Ihre Rechte<br>Sie haben das Recht auf Auskunft,<br>\u00ad ob wir personenbezogene Daten von Ihnen verarbeiten,<br>\u00ad zu welchen Zwecken personenbezogene Daten von Ihnen verarbeitet werden,<br>\u00ad welche Kategorien personenbezogener Daten von Ihnen verarbeitet werden,<br>\u00ad an welche Empf\u00e4nger personenbezogene Daten von Ihnen \u00fcbermittelt werden, und<br>\u00ad wie lange personenbezogenen Daten von Ihnen bei uns gespeichert bleiben (Artikel<br>15 Datenschutz-Grundverordnung).<br>Sie haben das Recht auf Berichtigung, wenn personenbezogene Daten von Ihnen unrichtig<br>verarbeitet werden. Davon umfasst ist auch die Vervollst\u00e4ndigung, wenn personenbezogene<br>Daten von Ihnen unvollst\u00e4ndig verarbeitet werden (Artikel 16 Datenschutz-<br>Grundverordnung).<br>Sie haben das Recht auf L\u00f6schung (\u201eRecht auf Vergessenwerden\u201c), wenn f\u00fcr die<br>Verarbeitung Ihrer personenbezogenen Daten keine taugliche Rechtsgrundlage nach der<br>Datenschutz-Grundverordnung mehr besteht (Artikel 17 Datenschutz-Grundverordnung).<br>Unter bestimmten Voraussetzungen haben Sie das Recht, die Einschr\u00e4nkung der<br>Verarbeitung Ihrer personenbezogenen Daten zu verlangen (Artikel 18 Datenschutz-<br>Grundverordnung).<br>Sie haben das Recht, personenbezogene Daten, die Sie uns bereitgestellt haben, in einem<br>strukturierten, g\u00e4ngigen und maschinenlesbaren Format zu erhalten und an eine von Ihnen<br>gew\u00e4hlte dritte Person zu \u00fcbermitteln (Daten\u00fcbertragbarkeit), sofern die n\u00e4heren<br>Voraussetzungen daf\u00fcr vorliegen (Artikel 20 Datenschutz-Grundverordnung).<br>Wenn wir die Verarbeitung Ihrer personenbezogenen Daten auf unsere berechtigten<br>Interessen st\u00fctzen, haben Sie das Recht, aus Gr\u00fcnden, die sich aus Ihrer besonderen<br>Situation ergeben, Widerspruch zu erheben (Artikel 21 Datenschutz-Grundverordnung).<br>Wenn Sie in die Verarbeitung Ihrer personenbezogenen Daten eingewilligt haben, steht<br>Ihnen das Recht auf jederzeitigen Widerruf Ihrer Einwilligung zu (Artikel 7 Absatz 3<br>Datenschutz-Grundverordnung).<br>Detaillierte Informationen zu Ihren Rechten finden Sie in der deutschsprachigen Version der<br>Datenschutz-Grundverordnung.<\/p>\n\n\n\n<p>Wenn Sie der Meinung sind, dass die Verarbeitung Ihrer personenbezogenen Daten gegen<br>die Datenschutz-Grundverordnung oder eine andere datenschutzrelevante Vorschrift<br>verst\u00f6\u00dft, steht es Ihnen frei, bei der \u00f6sterreichischen Datenschutzbeh\u00f6rde<br>(https:\/\/www.dsb.gv.at\/) Beschwerde zu erheben.<\/p>\n\n\n\n<p>Links zu anderen Webseiten<br>Diese Webseite enth\u00e4lt Links zu anderen Webseiten. Wir sind f\u00fcr die Inhalte dieser<br>Webseiten nicht verantwortlich.<\/p>\n\n\n\n<p>Unsere Kontaktdaten<br>Tiroler Interessenverband f\u00fcr psychosoziale Inklusion<br>Karmelitergasse 21<br>6020 Innsbruck<br>Tel.: 0043 677 640 582 30<br>Mail: elmar.kennerth@tipsi.at<\/p>\n\n\n\n<p>Unser Datenschutzbeauftragter steht Ihnen unter der E-Mail-Adresse<br>datenschutz@pilgermair.at zur Verf\u00fcgung.<\/p>\n","protected":false},"excerpt":{"rendered":"<p>Wenn Sie unsere Webseite besuchen oder nutzen, nehmen wir den Schutz Ihrerpersonenbezogenen Daten sehr ernst. Wir verarbeiten Ihre Daten nur auf Grundlagegesetzlicher Bestimmungen (insbesondere der Datenschutz-Grundverordnung, dem\u00f6sterreichischen Datenschutzgesetz und dem Telekommunikationsgesetz) und m\u00f6chten Sieim Folgenden \u00fcber wichtige Aspekte unserer Datenverarbeitung informieren. Wir, das ist derTiroler Interessenverband f\u00fcr psychosoziale Inklusion, mit Sitz in Innsbruck, als Betreiberdieser&#8230; <a class=\"more-link\" href=\"https:\/\/www.tipsi.at\/?page_id=635#more-635\">Continue Reading &rarr;<\/a><\/p>\n","protected":false},"author":6,"featured_media":304,"parent":0,"menu_order":0,"comment_status":"closed","ping_status":"closed","template":"","meta":{"footnotes":""},"class_list":["post-635","page","type-page","status-publish","has-post-thumbnail","hentry","clear"],"_links":{"self":[{"href":"https:\/\/www.tipsi.at\/index.php?rest_route=\/wp\/v2\/pages\/635","targetHints":{"allow":["GET"]}}],"collection":[{"href":"https:\/\/www.tipsi.at\/index.php?rest_route=\/wp\/v2\/pages"}],"about":[{"href":"https:\/\/www.tipsi.at\/index.php?rest_route=\/wp\/v2\/types\/page"}],"author":[{"embeddable":true,"href":"https:\/\/www.tipsi.at\/index.php?rest_route=\/wp\/v2\/users\/6"}],"replies":[{"embeddable":true,"href":"https:\/\/www.tipsi.at\/index.php?rest_route=%2Fwp%2Fv2%2Fcomments&post=635"}],"version-history":[{"count":3,"href":"https:\/\/www.tipsi.at\/index.php?rest_route=\/wp\/v2\/pages\/635\/revisions"}],"predecessor-version":[{"id":643,"href":"https:\/\/www.tipsi.at\/index.php?rest_route=\/wp\/v2\/pages\/635\/revisions\/643"}],"wp:featuredmedia":[{"embeddable":true,"href":"https:\/\/www.tipsi.at\/index.php?rest_route=\/wp\/v2\/media\/304"}],"wp:attachment":[{"href":"https:\/\/www.tipsi.at\/index.php?rest_route=%2Fwp%2Fv2%2Fmedia&parent=635"}],"curies":[{"name":"wp","href":"https:\/\/api.w.org\/{rel}","templated":true}]}}