{"id":518,"date":"2020-11-21T16:02:45","date_gmt":"2020-11-21T15:02:45","guid":{"rendered":"https:\/\/www.tipsi.at\/?page_id=518"},"modified":"2024-07-28T20:50:56","modified_gmt":"2024-07-28T18:50:56","slug":"mitglied-werden","status":"publish","type":"page","link":"https:\/\/www.tipsi.at\/?page_id=518","title":{"rendered":"Mitglied werden"},"content":{"rendered":"\n<p>Wenn Sie uns als aktives Mitglied (Selbstvertreter:in mit psychischer Erkrankung) oder als passives Mitglied (Interessenvertreter:in) unterst\u00fctzen wollen, dann schicken Sie uns gerne eine Anfrage an <a href=\"mailto:office@tipsi.at\">office@tipsi.at<\/a>. Sie erhalten n\u00e4here Informationen \u00fcber den Beitritt. Oder nutzen Sie bequem das nachstehende Formular:<\/p>\n\n\n\n<div class=\"webling-form \"><form action=\"?\" method=\"post\" enctype=\"multipart\/form-data\" onsubmit=\"webling_disableSubmitButton()\"><input type=\"hidden\" id=\"_wpnonce\" name=\"_wpnonce\" value=\"6daea9b6ef\" \/><input type=\"hidden\" name=\"_wp_http_referer\" value=\"\/index.php?rest_route=%2Fwp%2Fv2%2Fpages%2F518\" \/><input type=\"hidden\" name=\"webling-form-id\" value=\"1\"\/><input type=\"hidden\" name=\"webling-form-redirect\" value=\"https:\/\/www.tipsi.at\/?page_id=518\"\/><div class=\"webling-form__group webling-form__group--top  webling-form__group--field-Vorname\"><label for=\"webling-form-field-314\" class=\"webling-form__label\">Vorname <span class=\"webling-form__required\">*<\/span><\/label><div class=\"webling-form__field\"><input type=\"text\" name=\"webling-form-field[314]\" id=\"webling-form-field-314\" placeholder=\"\" class=\"webling-form__input\" required><\/div><\/div><div class=\"webling-form__group webling-form__group--top  webling-form__group--field-Name\"><label for=\"webling-form-field-315\" class=\"webling-form__label\">Name <span class=\"webling-form__required\">*<\/span><\/label><div class=\"webling-form__field\"><input type=\"text\" name=\"webling-form-field[315]\" id=\"webling-form-field-315\" placeholder=\"\" class=\"webling-form__input\" required><\/div><\/div><div class=\"webling-form__group webling-form__group--top  webling-form__group--field-Strae\"><label for=\"webling-form-field-316\" class=\"webling-form__label\">Stra\u00dfe <span class=\"webling-form__required\">*<\/span><\/label><div class=\"webling-form__field\"><input type=\"text\" name=\"webling-form-field[316]\" id=\"webling-form-field-316\" placeholder=\"\" class=\"webling-form__input\" required><\/div><\/div><div class=\"webling-form__group webling-form__group--top  webling-form__group--field-PLZ\"><label for=\"webling-form-field-317\" class=\"webling-form__label\">PLZ <span class=\"webling-form__required\">*<\/span><\/label><div class=\"webling-form__field\"><input type=\"text\" name=\"webling-form-field[317]\" id=\"webling-form-field-317\" placeholder=\"\" class=\"webling-form__input\" required><\/div><\/div><div class=\"webling-form__group webling-form__group--top  webling-form__group--field-Ort\"><label for=\"webling-form-field-318\" class=\"webling-form__label\">Ort <span class=\"webling-form__required\">*<\/span><\/label><div class=\"webling-form__field\"><input type=\"text\" name=\"webling-form-field[318]\" id=\"webling-form-field-318\" placeholder=\"\" class=\"webling-form__input\" required><\/div><\/div><div class=\"webling-form__group webling-form__group--top  webling-form__group--field-TelefonPrivat\"><label for=\"webling-form-field-319\" class=\"webling-form__label\">Telefon Privat<\/label><div class=\"webling-form__field\"><input type=\"tel\" name=\"webling-form-field[319]\" id=\"webling-form-field-319\" placeholder=\"\" class=\"webling-form__input\" ><\/div><\/div><div class=\"webling-form__group webling-form__group--top  webling-form__group--field-Mobiltelefon\"><label for=\"webling-form-field-320\" class=\"webling-form__label\">Mobiltelefon<\/label><div class=\"webling-form__field\"><input type=\"tel\" name=\"webling-form-field[320]\" id=\"webling-form-field-320\" placeholder=\"\" class=\"webling-form__input\" ><\/div><\/div><div class=\"webling-form__group webling-form__group--top  webling-form__group--field-EMail\"><label for=\"webling-form-field-321\" class=\"webling-form__label\">E-Mail <span class=\"webling-form__required\">*<\/span><\/label><div class=\"webling-form__field\"><input type=\"email\" name=\"webling-form-field[321]\" id=\"webling-form-field-321\" placeholder=\"\" class=\"webling-form__input\" required><\/div><\/div><div class=\"webling-form__group webling-form__group--top  webling-form__group--field-Geburtstag\"><label for=\"webling-form-field-322\" class=\"webling-form__label\">Geburtstag <span class=\"webling-form__required\">*<\/span><\/label><div class=\"webling-form__field\"><input type=\"date\" name=\"webling-form-field[322]\" id=\"webling-form-field-322\" placeholder=\"TT.MM.JJJJ\" class=\"webling-form__input\" required><\/div><\/div><div class=\"webling-form__group webling-form__group--top  webling-form__group--field-Bemerkungen\"><label for=\"webling-form-field-323\" class=\"webling-form__label\">Bemerkungen<\/label><div class=\"webling-form__field\"><textarea rows=\"6\" name=\"webling-form-field[323]\" id=\"webling-form-field-323\" placeholder=\"\" class=\"webling-form__input\" ><\/textarea><\/div><\/div><input type=\"text\" id=\"webling-form-field_0\" autocomplete=\"off\" name=\"webling-form-field[0]\" value=\"\"\/><div class=\"frc-captcha \" data-sitekey=\"FCMK58KOIJDGNPMU\" data-lang=\"de\" ><\/div>\n\t\t<noscript>You need to enable Javascript for the anti-spam check.<\/noscript><p><input type=\"submit\" value=\"Absenden\" class=\"webling-form__submit\" id=\"webling-form__submit\"><\/p><\/form><script type=\"text\/javascript\">\n\/\/ disable submit button after form was submitted to prevent multiple entries\nfunction webling_disableSubmitButton() {\n    document.getElementById(\"webling-form__submit\").disabled = true;\n}\n<\/script><\/div>\n\n\n\n<p><\/p>\n","protected":false},"excerpt":{"rendered":"<p>Wenn Sie uns als aktives Mitglied (Selbstvertreter:in mit psychischer Erkrankung) oder als passives Mitglied (Interessenvertreter:in) unterst\u00fctzen wollen, dann schicken Sie uns gerne eine Anfrage an office@tipsi.at. Sie erhalten n\u00e4here Informationen \u00fcber den Beitritt. Oder nutzen Sie bequem das nachstehende Formular:<\/p>\n","protected":false},"author":6,"featured_media":0,"parent":0,"menu_order":0,"comment_status":"closed","ping_status":"closed","template":"","meta":{"footnotes":""},"class_list":["post-518","page","type-page","status-publish","hentry","clear"],"_links":{"self":[{"href":"https:\/\/www.tipsi.at\/index.php?rest_route=\/wp\/v2\/pages\/518","targetHints":{"allow":["GET"]}}],"collection":[{"href":"https:\/\/www.tipsi.at\/index.php?rest_route=\/wp\/v2\/pages"}],"about":[{"href":"https:\/\/www.tipsi.at\/index.php?rest_route=\/wp\/v2\/types\/page"}],"author":[{"embeddable":true,"href":"https:\/\/www.tipsi.at\/index.php?rest_route=\/wp\/v2\/users\/6"}],"replies":[{"embeddable":true,"href":"https:\/\/www.tipsi.at\/index.php?rest_route=%2Fwp%2Fv2%2Fcomments&post=518"}],"version-history":[{"count":17,"href":"https:\/\/www.tipsi.at\/index.php?rest_route=\/wp\/v2\/pages\/518\/revisions"}],"predecessor-version":[{"id":892,"href":"https:\/\/www.tipsi.at\/index.php?rest_route=\/wp\/v2\/pages\/518\/revisions\/892"}],"wp:attachment":[{"href":"https:\/\/www.tipsi.at\/index.php?rest_route=%2Fwp%2Fv2%2Fmedia&parent=518"}],"curies":[{"name":"wp","href":"https:\/\/api.w.org\/{rel}","templated":true}]}}